s divided by 8?
5
What is the remainder when 228560 is divided by 4?
0
What is the remainder when 75355 is divided by 769?
762
What is the remainder when 1829 is divided by 88?
69
What is the remainder when 2025145 is divided by 138?
133
What is the remainder when 24891 is divided by 200?
91
What is the remainder when 573063 is divided by 29?
23
What is the remainder when 39660 is divided by 38?
26
What is the remainder when 3214 is divided by 432?
190
Calculate the remainder when 292606 is divided by 144.
142
What is the remainder when 97799 is divided by 523?
521
What is the remainder when 101479 is divided by 590?
589
Calculate the remainder when 21399 is divided by 10.
9
What is the remainder when 2681 is divided by 540?
521
Calculate the remainder when 98036 is divided by 817.
813
What is the remainder when 2866622 is divided by 85?
82
What is the remainder when 189760 is divided by 31612?
88
What is the remainder when 146266 is divided by 299?
55
What is the remainder when 3246683 is divided by 97?
93
What is the remainder when 3135 is divided by 562?
325
What is the remainder when 1313 is divided by 263?
261
What is the remainder when 1979885 is divided by 138?
137
Calculate the remainder when 80562 is divided by 55.
42
Calculate the remainder when 4133 is divided by 60.
53
What is the remainder when 2431 is divided by 335?
86
Calculate the remainder when 59537 is divided by 19842.
11
What is the remainder when 113695 is divided by 150?
145
Calculate the remainder when 2245 is divided by 874.
497
What is the remainder when 11302 is divided by 2821?
18
Calculate the remainder when 21570 is divided by 653.
21
What is the remainder when 57259 is divided by 1277?
1071
What is the remainder when 1395 is divided by 686?
23
What is the remainder when 215159 is divided by 33?
32
Calculate the remainder when 34946 is divided by 3.
2
Calculate the remainder when 97359 is divided by 296.
271
Calculate the remainder when 6725 is divided by 78.
17
Calculate the remainder when 79167 is divided by 126.
39
What is the remainder when 37321 is divided by 4146?
7
What is the remainder when 1648 is divided by 127?
124
What is the remainder when 1208 is divided by 17?
1
What is the remainder when 9359 is divided by 40?
39
Calculate the remainder when 83323 is divided by 41.
11
What is the remainder when 446291 is divided by 16?
3
What is the remainder when 18586 is divided by 75?
61
Calculate the remainder when 611839 is divided by 32.
31
What is the remainder when 4489 is divided by 152?
81
What is the remainder when 113201 is divided by 529?
524
Calculate the remainder when 66019 is divided by 718.
681
What is the remainder when 42446 is divided by 28?
26
Calculate the remainder when 420795 is divided by 602.
599
What is the remainder when 27662 is divided by 52?
50
What is the remainder when 136869 is divided by 254?
217
Calculate the remainder when 1666 is divided by 145.
71
What is the remainder when 11420 is divided by 48?
44
Calculate the remainder when 475 is divided by 92.
15
Calculate the remainder when 165609 is divided by 444.
441
What is the remainder when 3705 is divided by 568?
297
What is the remainder when 332962 is divided by 22197?
7
Calculate the remainder when 1001 is divided by 43.
12
Calculate the remainder when 5821 is divided by 615.
286
What is the remainder when 72456 is divided by 24148?
12
What is the remainder when 2264 is divided by 305?
129
Calculate the remainder when 60466 is divided by 72.
58
Calculate the remainder when 15290 is divided by 2546.
14
Calculate the remainder when 130009 is divided by 7.
5
Calculate the remainder when 1313 is divided by 220.
213
Calculate the remainder when 27312 is divided by 448.
432
What is the remainder when 38263 is divided by 12?
7
Calculate the remainder when 8161 is divided by 3828.
505
Calculate the remainder when 1840 is divided by 599.
43
Calculate the remainder when 11385 is divided by 316.
9
What is the remainder when 34109 is divided by 195?
179
What is the remainder when 5337 is divided by 379?
31
Calculate the remainder when 375731 is divided by 25.
6
What is the remainder when 24055 is divided by 245?
45
What is the remainder when 712 is divided by 672?
40
Calculate the remainder when 4856 is divided by 2009.
838
Calculate the remainder when 10410 is divided by 113.
14
What is the remainder when 15662 is divided by 1449?
1172
What is the remainder when 127869 is divided by 31953?
57
Calculate the remainder when 139443 is divided by 36.
15
Calculate the remainder when 144128 is divided by 19.
13
What is the remainder when 23296 is divided by 980?
756
Calculate the remainder when 357 is divided by 133.
91
What is the remainder when 93962 is divided by 42?
8
What is the remainder when 1768 is divided by 30?
28
Calculate the remainder when 93550 is divided by 152.
70
Calculate the remainder when 16626 is divided by 67.
10
What is the remainder when 7041 is divided by 337?
301
Calculate the remainder when 7864 is divided by 1442.
654
Calculate the remainder when 36989 is divided by 54.
53
Calculate the remainder when 83123 is divided by 19.
17
What is the remainder when 488959 is divided by 64?
63
Calculate the remainder when 10855 is divided by 112.
103
What is the remainder when 11988 is divided by 17?
3
Calculate the remainder when 4182 is divided by 299.
295
What is the remainder when 29482 is divided by 14517?
448
Calculate the remainder when 1439 is divided by 403.
230
What is the remainder when 5630 is divided by 380?
310
Calculate the remainder when 724 is divided by 396.
328
What is the remainder when 4656 is divided by 932?
928
Calculate the remainder when 56367 is divided by 46.
17
What is the remainder when 233 is divided by 18?
17
What is the remainder when 54385 is divided by 54165?
220
Calculate the remainder when 61999 is divided by 24.
7
Calculate the remainder when 70315 is divided by 946.
311
Calculate the remainder when 5325 is divided by 255.
225
Calculate the remainder when 1198344 is divided by 147.
0
Calculate the remainder when 34667 is divided by 27.
26
Calculate the remainder when 13627 is divided by 716.
23
What is the remainder when 865779 is divided by 4731?
6
Calculate the remainder when 2261 is divided by 1135.
1126
What is the remainder when 105726 is divided by 39?
36
What is the remainder when 44045 is divided by 813?
143
What is the remainder when 167418 is divided by 19?
9
What is the remainder when 3557534 is divided by 1039?
1037
Calculate the remainder when 2101997 is divided by 250.
247
Calculate the remainder when 11247 is divided by 852.
171
What is the remainder when 1604 is divided by 127?
80
Calculate the remainder when 1046 is divided by 284.
194
What is the remainder when 33579 is divided by 436?
7
What is the remainder when 25647 is divided by 29?
11
What is the remainder when 19466 is divided by 59?
55
Calculate the remainder when 195870 is divided by 34.
30
What is the remainder when 1699 is divided by 682?
335
What is the remainder when 2790 is divided by 347?
14
What is the remainder when 282 is divided by 106?
70
What is the remainder when 15959 is divided by 699?
581
What is the remainder when 1096 is divided by 67?
24
Calculate the remainder when 395457 is divided by 585.
582
Calculate the remainder when 253933 is divided by 165.
163
Calculate the remainder when 2887 is divided by 314.
61
Calculate the remainder when 4618 is divided by 458.
38
Calculate the remainder when 46899 is divided by 328.
323
Calculate the remainder when 141598 is divided by 240.
238
What is the remainder when 285023 is divided by 877?
875
What is the remainder when 3716 is divided by 24?
20
What is the remainder when 132454 is divided by 132449?
5
What is the remainder when 10075337 is divided by 20?
17
Calculate the remainder when 2375 is divided by 73.
39
Calculate the remainder when 33519 is divided by 1287.
57
What is the remainder when 3346 is divided by 2771?
575
What is the remainder when 9381 is divided by 9376?
5
Calculate the remainder when 1861 is divided by 463.
9
What is the remainder when 2407 is divided by 133?
13
What is the remainder when 183539 is divided by 20392?
11
What is the remainder when 229539 is divided by 229475?
64
W